**2 - 6*p + 2. Calculate w(l).
-14
Let b(x) = -8*x - 32. Let u be b(5). Let k = u + 62. Let s(q) = q. Let c(f) = 7. Let i(n) = -c(n) - s(n). Determine i(k).
3
Let n(b) be the first derivative of 13 + 1/30*b**5 - 1/360*b**6 + 0*b - 5/3*b**3 + 1/8*b**4 + 0*b**2. Let r(u) be the third derivative of n(u). What is r(6)?
-9
Suppose i = 3*f + 11, 4*i + 5*f - 38 = -11. Suppose -13 = -i*z + 3. Let n(t) = -3*t - 1. Calculate n(z).
-7
Let u(k) be the first derivative of 3*k**2/2 + 7*k + 22. Suppose -15 = -7*o + 12*o. Let f(y) = 4*y + 8. Let h(d) = o*u(d) + 2*f(d). Determine h(-4).
-1
Let j(f) be the second derivative of f**6/360 + f**5/12 + 5*f**4/12 - f**3/6 - 9*f**2/2 + f + 2. Let u(n) be the second derivative of j(n). Give u(-7).
-11
Let i(b) = 65*b - 22*b - 20*b - 18*b - 2*b**3 - 5. Give i(2).
-11
Let u(i) = -1 - 2 + 2. Let o(h) = h**2 - 5*h + 8. Let v(k) = o(k) + 5*u(k). Calculate v(3).
-3
Let x(g) = -g**3 - 6*g**2 + 8*g + 5. Let s = 39 - 66. Let y = 26 + s. Let q(o) = -6*o**2 - 1. Let t be q(y). What is x(t)?
-2
Let h(t) = -t - 12. Suppose 17 = -36*m + 37*m. Suppose -14*s = m*s. Determine h(s).
-12
Suppose 2*p - 3*g = -p + 24, -15 = -3*g. Let u = p + -18. Let n(v) = 25*v - 24. Let w(l) = 21*l - 21. Let s(b) = -5*n(b) + 6*w(b). Give s(u).
-11
Let y(c) be the first derivative of -5*c + 124 - 3/2*c**2. What is y(-6)?
13
Let q(t) be the first derivative of t**5/20 - t**4/6 - t**3/2 + t**2/2 + 47*t + 83. Let b(v) be the first derivative of q(v). Determine b(3).
1
Let v be (7/(-4))/((-4)/88) - 37/74. Let s(y) = y**3 - 38*y**2 - 3. Give s(v).
-3
Let h(b) = 5*b**2 + 23*b + 98. Let t(k) = k**2 + k + 19. Let p(z) = h(z) - 4*t(z). What is p(-16)?
-26
Let j(q) = -q**3 - 6*q**2 - 7*q + 4. Let s be j(-5). Let o = 17 - s. Let u(v) = v**3 - 5*v**2 + 3*v - 2. Calculate u(o).
-11
Let a(i) = -i**2 - 7*i + 9. Let v(n) = 2*n**2 + 9*n - 11. Let c(f) = -6*a(f) - 5*v(f). Suppose 3*q = -4*y + 11, 3*q - 3*y = -2 - 1. Give c(q).
-6
Let k(t) be the first derivative of t**4/4 + t**3 + 7*t**2/2 + 4*t + 216. Determine k(-2).
-6
Let y(j) = j**2 + 11*j + 43. Suppose 3*q = -3*g + 6, -2*g = 4*q - 25 + 5. What is y(g)?
13
Let u(d) = -d + 1. Let r(i) = 3*i**2 - 18. Let o(h) = r(h) + 2*u(h). Let v(a) be the first derivative of o(a). Determine v(2).
10
Let m(f) = 375*f + 367*f + 24 + 373*f - 1117*f. Calculate m(25).
-26
Suppose 0 = 5*w + 15*h - 31*h + 168, 5*w + 24 = -2*h. Let c(o) = -o**3 - 11*o**2 - 20*o + 27. What is c(w)?
-5
Let p(d) = -5*d + 145. Let b(a) = -17*a + 509. Let l(o) = 2*b(o) - 7*p(o). Let f be 6/(6/(-4) - 0). What is l(f)?
-1
Let t(n) = -n - 6. Let y(o) = -o - 5. Let x(g) = -3*t(g) + 4*y(g). Suppose 14*b = 15*b - 10. Give x(b).
-12
Suppose 0 = -g + 6*g + 7*g. Suppose g = y - 11*y - 20. Let k(u) be the first derivative of 3*u**4/4 + 4*u**3/3 + 3*u**2/2 + 2*u + 6. Give k(y).
-12
Let d(m) = -m - 6. Let l(c) be the first derivative of c**3/3 + 5*c**2 + 9*c + 35. Let z be l(-15). Suppose -5*j - 2*i - 41 = 0, 5*j - 31 + z = 4*i. Give d(j).
3
Suppose 7 = -l - a, -107*l + a + 15 = -109*l. Let y(s) = -s**3 - 8*s**2 - 12*s - 98. What is y(l)?
-2
Let c(x) be the second derivative of 1/20*x**5 - 1/2*x**2 + 1/4*x**4 - x**3 - x - 31. Calculate c(-4).
7
Let c(b) = -15*b**3 - 2*b**2 - b. Suppose -2*s = 38 - 1400. Let u = -682 + s. Give c(u).
14
Let j(u) = 2*u**2 + 3*u + 3*u**2 - 2 - 4*u. Suppose 24*x + 308 = 2*x. Let z be x*1/2 + 9. What is j(z)?
16
Let o(q) be the third derivative of -q**5/60 - q**4/24 - 65*q**3/6 + 7*q**2 + 10. Let d(k) be the first derivative of o(k). Calculate d(-4).
7
Let i(c) = c**2 - c - 5. Suppose 219 = h - 4*w, 0 = -18*w + 23*w + 15. Let b = 213 - h. Give i(b).
25
Let u be 4/22 + (-1904)/(-176) - 8. Let d(i) be the third derivative of 0 + 1/120*i**6 + 1/3*i**u + 0*i - 5*i**2 + 1/20*i**5 - 1/4*i**4. What is d(-5)?
-18
Suppose 4150*f = 4162*f + 156. Let l(v) = -3*v - 44. What is l(f)?
-5
Let r(a) = -a**3 - 13*a**2 + a - 21. Suppose 95*y = 5*f + 99*y + 81, -2*f - y = 30. What is r(f)?
-34
Let o(l) = -2*l - 5. Suppose 2*w - 3*t = 5, 6*t - 11 = 4*w + 7*t. Let s(g) = -6*g - 17. Let b(c) = w*s(c) + 7*o(c). Determine b(-3).
5
Let w be (-3)/(-1 + 0) + (-20)/(-2). Let p(o) = -w - 6 - 8 + 31 + o. Let h = 6 + -2. Determine p(h).
8
Suppose 79*t = -100*t - 59*t. Let h(q) = -2*q**2 - 11 + 5 + 3*q**2. Give h(t).
-6
Let u(s) = -s**3 + 8*s**2 - s + 9. Suppose -265*d + 293*d + 4824 = 631*d. Give u(d).
1
Let v = 38 - 29. Let m(q) = 3*q**2 + 4*q + 4. Let h(u) = -7*u**2 - 10*u - 6. Let b(k) = v*m(k) + 4*h(k). Determine b(-6).
0
Let j(q) = 277*q + 4. Let t(z) = -31*z + 1. Let r(s) = 4*j(s) + 36*t(s). What is r(5)?
12
Let p(t) = 25*t**2 + 11*t + 1. Let n(f) = -66*f**2 - 32*f - 3. Let r(z) = -3*n(z) - 8*p(z). What is r(7)?
-41
Let b(a) be the third derivative of a**4/24 + 61*a**3/6 + 6721*a**2. What is b(-7)?
54
Let y(j) = 7*j + 4. Let q(g) = g - 3. Let u(c) = c - 15. Let n(d) = 4*q(d) - u(d). Let m(a) = 5*n(a) - 2*y(a). Calculate m(-14).
-7
Let a = 1/1336 + 4675/1336. Let x(l) be the first derivative of -a*l**2 + 4 + 1/3*l**3 - 9*l. Calculate x(8).
-1
Let q(a) = a**3 - 4*a**2 - 4*a + 4. Let r be (-5 + 7)*-2*(-5)/4. Let n be q(r). Let y(o) = -n*o - 10 + 14 + 0 + o**2. Determine y(9).
4
Let q = -11 + 8. Let c(g) = -189*g**2 + 613*g**2 - 215*g**2 - 207*g**2. Give c(q).
18
Let z(h) be the second derivative of h**6/720 - h**5/24 + 35*h**4/3 + 30*h. Let q(u) be the third derivative of z(u). Calculate q(5).
0
Let u(z) = -z**3 - 3. Let f be u(0). Suppose -28*r = 17*r - 138960. Let n(i) = -4*i - i**3 - 3092*i**2 + r*i**2 + 3*i. Calculate n(f).
-6
Let t(g) = g**3 - 4*g**2 - 2*g - 18 - 28 + 57 - 6*g. Let m be t(5). Let v(o) = -o + 1. Give v(m).
5
Let u(n) = -7*n**2 + 7*n + 3. Let j(i) = -5*i**2 + 7*i + 2. Let r(q) = 4*j(q) - 3*u(q). Suppose -7*b + 21 = -5*g - 5*b, 5*g + 35 = -5*b. Give r(g).
-11
Let p(d) = 35 + 5 - 204*d**2 - 2*d + 205*d**2. Calculate p(0).
40
Let h(l) be the third derivative of -11*l**4/24 - 23*l**3/6 - 6*l**2 - 143*l + 1. What is h(-11)?
98
Let c = 18 - 13. Let p(z) = 0*z + 6*z + 8*z**3 + c - 4*z**2 - z**3 + 5*z**2. Let a(u) = 8*u**3 + 7*u + 5. Let f(y) = -6*a(y) + 7*p(y). Give f(-7).
5
Let k(y) be the first derivative of 3 + 2/3*y**3 - 1/24*y**4 + 0*y - 9*y**2. Let v(s) be the second derivative of k(s). What is v(0)?
4
Let u(o) = 31*o + 2234. Let w be u(-72). Let j(v) = 5*v**3 + 3*v**2 - 3*v - 1. Give j(w).
45
Let y(v) = v**3 - v**2 - 3*v + 1. Let f be 66/77*133/2. Suppose 18*h = f - 3. What is y(h)?
10
Let x(n) be the second derivative of n**7/840 - n**6/90 - n**5/40 + n**4/12 + n**3/6 - n**2 - 12*n + 3. Let r(w) be the second derivative of x(w). What is r(4)?
-10
Suppose -5*g = u - 14, -184*g + 28 = -180*g + 5*u. Let n be ((-66)/55)/((-2)/5). Let v(p) = 0*p + n*p**2 + 2*p + 0*p**2 - p - 2. What is v(g)?
12
Let f(c) = 5*c**2 - 3 - 2 - c - 5*c - 4*c**2. Suppose 23*m - 21*m = 10. Give f(m).
-10
Let u = 394 - 388. Let f(n) = 5*n**2 + 17*n + 2. Let i(a) = -11*a**2 - 35*a - 5. Let g(m) = u*i(m) + 13*f(m). Determine g(10).
6
Let q = -308 - -320. Let x(i) = q - 6 + 7*i - 10 + 5. What is x(-1)?
-6
Suppose 22 = -3*a + 4. Let u = -186 + 191. Let x(p) = 12 - u - 16 - 2*p. Give x(a).
3
Let t(l) = 13*l**3 - 16*l**2 - 15*l + 14. Let z(i) = -9*i**2 + 17*i**2 + 4*i - 7 + 3*i - 5*i**3. Let r(j) = 2*t(j) + 5*z(j). Give r(-7).
7
Let n(j) = 3*j**3 + 12*j**2 + 4*j + 12. Let q = -11303 - -11299. Calculate n(q).
-4
Let d(z) = 4*z + 28. Let t be (-666 + 678)*((-6)/(-4) - 2). Give d(t).
4
Let n be (-30)/(-56) - (-1)/(-4) - (-11778)/3171. Let z(l) = -1 - 2*l**2 + l + 0*l + l**2. Give z(n).
-13
Suppose -g = 2*u - 10, -1 = -3*u - 7. Let q(a) = 3 + g*a + 2 - 10*a - 2*a. What is q(-9)?
-13
Let d(u) = -4*u**2 + 27*u - 11. Let l be d(6). Let p(y) = -5*y**2 - 53*y - 1 + 51*y - 2 + l*y**3 + 9 - 8*y**3. Calculate p(-3).
-6
Let b(n) = -2*n**3 - 18*n**2 + 19*n - 6. Let u be b(-10). Let p(v) = -25*v - 4. What is p(u)?
-104
Let k(v) = -3*v**2 + 4*v**2 - 2*v**3 - 968 + 968. Determine k(1).
-1
Let r be ((6/(-8))/3)/(8/(-32)). Let s be 1*(-3 + (-12)/(-6))*r. Let a(p) = -4*p - 1. Determine a(s).
3
Let z be 1/(-10 + (-1035)/(-105)). Let j(s) = -s**2 + 8*s + 11. Let x(r) = r**2 - 1. Let o(i) = j(i) + 2*x(i). What is o(z)?
2
Let z(v) = -v**3 + 4*v**2 + 39*v + 45. Let f be z(9). Let u(o) = o**2 - 3. What is u(f)?
